t + 48 = -192. Let v = -26 + 14. Let b be 67/4 - (-9)/v. What is the highest common divisor of t and b?
16
Suppose 112 + 19 = 5*b + a, 5*a + 73 = 3*b. Let f = -26 + -58. Let i = 123 + f. Calculate the greatest common divisor of i and b.
13
Suppose 2*l - 2*c = -3*l + 70, 3*c + 49 = 4*l. What is the greatest common factor of l and 32?
16
Let w be 91 + ((-10)/2 - -4). Suppose 0 = 2*o - 0*o + 10. Let y(d) = -2*d. Let s be y(o). What is the greatest common factor of s and w?
10
Suppose 0 = 4*g - 451 - 157. Suppose 2*u + g = 4*u + 5*r, -3*u + 202 = r. Calculate the greatest common divisor of 6 and u.
6
Let c(i) = -4*i**2 + 28*i - 3. Let w(a) = a**2 - 9*a + 1. Let u(x) = 2*c(x) + 7*w(x). Let o be u(-6). What is the greatest common divisor of 35 and o?
7
Let d(j) = 2*j**2 + 3*j - 2. Let n be d(5). Suppose -3*w - 13 = -4*w. Suppose -1 = -2*u + w. What is the greatest common factor of u and n?
7
Suppose 2*s = -5*f - 20, 5*f + 16 = -s + f. Suppose 7*z - 9*z + 16 = s. What is the highest common divisor of 88 and z?
8
Suppose -2*k - 24 = -7*k - 4*r, 0 = 3*k - 2*r - 32. Calculate the greatest common divisor of 32 and k.
8
Let r be -1*7*(4 - (-230)/(-35)). Calculate the highest common divisor of 90 and r.
18
Suppose -q = -j - 4*j - 2, -3*q + 6 = -4*j. Calculate the greatest common factor of 8 and q.
2
Let m be (-11)/((-7)/3 - -2). What is the greatest common factor of m and 11?
11
Let o(r) = r - 3. Let n be o(5). Let l be n/10 + 261/45. Calculate the highest common divisor of 6 and l.
6
Suppose -4*k - 5*l + 40 = 0, -10 + 59 = 3*k - l. Calculate the highest common factor of 105 and k.
15
Suppose 2*y = 4*y - 124. Let p = y - -1. Calculate the greatest common divisor of 7 and p.
7
Let q = 45 + -33. Calculate the highest common factor of 12 and q.
12
Suppose 3*o - 1 = -h - 0*h, -2*o + 3 = h. Let x be 0 + 0 + 2 + -2. Suppose 3*z - h - 17 = x. What is the highest common divisor of 8 and z?
8
Suppose 3*v + 0*v = 189. Let c = -9 - -13. Suppose c*u - 33 = -0*u + x, -5 = x. Calculate the greatest common divisor of v and u.
7
Suppose -m = 3*w - 4*m - 27, w - 15 = -5*m. What is the highest common divisor of 20 and w?
10
Let s(o) = 38*o. Let r be s(2). Let j be (-1)/(-3) + r/6. What is the highest common divisor of 65 and j?
13
Suppose 2*q = 3*q + 3*y - 21, 4*q - 3*y = 39. Calculate the greatest common factor of 30 and q.
6
Let m = 0 + 5. Suppose -m*p + 10*p - 75 = 0. What is the highest common factor of 90 and p?
15
Suppose 0 = -5*v + 6 + 44. Let s(q) = 5*q**3 - q + 2. Let l be s(2). Let k = -20 + l. Calculate the greatest common divisor of v and k.
10
Let r(p) = -2*p + 5*p + 3*p - p - 1. Let f be r(1). Calculate the greatest common factor of 16 and f.
4
Let l be (2 + 5 + -1)/((-6)/(-20)). What is the highest common divisor of l and 20?
20
Let k = 12 - -13. What is the highest common factor of k and 25?
25
Let f = -5 - -35. Let q(s) = 13*s + 1 - 12*s + f*s. Let x be q(1). What is the greatest common divisor of 16 and x?
16
Let x = -21 + 45. Let r be 21 - 0*3/(-9). Let i be (-2 + r/6)*40. What is the greatest common factor of i and x?
12
Let z(h) = -h**2 + 11*h - 6. Let b be z(9). What is the greatest common divisor of 16 and b?
4
Let k(h) = -2*h**3 - 2*h - 1. Let u be k(-1). Suppose p + u*p = 80. Calculate the greatest common factor of p and 200.
20
Suppose -145*v + 147*v - 32 = 0. What is the highest common divisor of v and 8?
8
Suppose 341 - 869 = -4*s. Let g(x) = 2*x - 2. Let j be g(7). What is the greatest common factor of j and s?
12
Suppose 2 - 8 = 3*g. Let o be (-1 - g) + -8 + 214. What is the greatest common divisor of o and 23?
23
Let z(d) = -d**2 - 11*d - 8. Let j be z(-12). Let p = j + 52. What is the greatest common divisor of 4 and p?
4
Let y = 36 + -3. Calculate the highest common divisor of 11 and y.
11
Suppose 0 = v - 67 + 23. Let n = 5 - 1. Suppose -n*b = -24 + 8. What is the greatest common factor of v and b?
4
Let y = 6 - 1. Suppose 0 = -2*k - y*f - 3 - 1, f = 2*k + 4. Let n be 6*7 - k/(-1). Calculate the highest common factor of 16 and n.
8
Let w be (70 - 9)/(0 + 1). Suppose 0 = -2*r + w + 107. Calculate the highest common divisor of r and 12.
12
Let v be ((-12)/(-12))/(2/36). Calculate the highest common factor of v and 36.
18
Let b be (27/6)/(1/(-26)). Let m = b + 172. Calculate the highest common divisor of m and 5.
5
Let p be ((-714)/(-280))/(6/8)*5. Calculate the greatest common divisor of 17 and p.
17
Suppose 0 = 3*x + g + 4 + 6, 3*x = -4*g + 5. Let p be x*(0 - 8/5). What is the greatest common divisor of 88 and p?
8
Suppose 3*g + 5 = 113. What is the greatest common divisor of g and 48?
12
Suppose 0*w = -2*m - w + 7, -2*w + 6 = -4*m. What is the highest common factor of m and 1?
1
Let s(o) = o**3 + o**2 + o + 5. Let k be s(0). Let j = 15 - 6. Suppose 100 = j*p - 4*p. What is the greatest common factor of p and k?
5
Let i be (-15)/4 - (-3)/4. Let a be (1 - 4)*(-13)/i. Let q = 19 + a. What is the greatest common divisor of 24 and q?
6
Let c(a) = -2*a**3 + a**2 + 5*a + 2. Let u be c(-2). Let y be (-2)/(-2) + (-29)/(-1). What is the highest common divisor of u and y?
6
Let q(f) = 4*f - 6*f + f + 2*f + 7. Let g be q(-7). Suppose 5*o + 3*p - 19 = 0, g = -o + 3*p - 6 - 1. What is the greatest common factor of 14 and o?
2
Let h = -87 + 102. Calculate the greatest common factor of h and 225.
15
Let g(h) = 184*h**2. Let i be g(-1). Suppose -5*f + f = -92. Calculate the greatest common divisor of f and i.
23
Let h(a) = 7*a - 2. Let k be h(3). Suppose 2*z - 115 = -t, -2*z + 39 = -2*t - 73. Calculate the greatest common factor of k and z.
19
Suppose p + 205 + 146 = 2*v, 701 = 4*v - p. What is the greatest common factor of v and 70?
35
Let w be (-130)/(-3)*6/5. Calculate the highest common factor of 13 and w.
13
Suppose -4 = -4*z - 0. Calculate the greatest common factor of 9 and z.
1
Suppose 84 = 2*s + 4*s. What is the highest common divisor of s and 28?
14
Suppose 5*a - 67 = -2*m + 21, -4*m = 3*a - 64. Let v(b) = -b**2 - b + 16. Let i be v(0). Calculate the highest common factor of a and i.
16
Suppose 14*p - 11*p - 15 = 0. Suppose p*w - 34 = 26. Suppose -3*y + 188 = -4*x, 5*y - 2*y - 3*x = 186. What is the highest common divisor of y and w?
12
Suppose -o + 3*o - 2*h = 0, 5*o = 4*h - 3. Let j = o - -4. Let v = j + 15. Calculate the greatest common factor of 144 and v.
16
Let o(g) = 21*g**2 - g. Let v be o(-1). Let m(u) = u**3 - 13*u**2 - 4. Let s be m(13). Let l be 0 - s/(4/11). Calculate the highest common factor of v and l.
11
Suppose 4*m = 22 + 2. What is the greatest common factor of 66 and m?
6
Let a = 521 - 99. Suppose 0 = -5*d - 2*z + 30 + a, 267 = 3*d - 3*z. What is the highest common divisor of 36 and d?
18
Let q be 108/10*(6 - 1). Let j be 5/(4*10/48). What is the highest common divisor of j and q?
6
Let y(m) = -6*m - 3. Let i be y(-3). What is the greatest common factor of i and 3?
3
Let o(y) = 13*y**2 + 2*y - 3. Let i be o(-3). What is the highest common factor of 12 and i?
12
Let s = 18 - 18. Let y = s + 17. Calculate the highest common factor of y and 85.
17
Let q = 130 - 74. What is the highest common factor of 28 and q?
28
Suppose -m + 4 = -21. Suppose -6*t = -5*d - t - m, t - 5 = 4*d. Suppose 3*y + y - 4 = d. What is the highest common factor of y and 8?
1
Suppose 3*z + 2*v = 2*z - 22, -15 = 5*v. Let u be (-29)/(-2) + 8/z. Calculate the highest common factor of 14 and u.
14
Let s = -15 + 24. What is the greatest common factor of s and 18?
9
Let t = -12 - -35. What is the greatest common factor of t and 69?
23
Let q(l) = -13*l - 1. Let y(j) = 25*j + 1. Let n(f) = -5*q(f) - 3*y(f). Let x be n(-7). What is the highest common factor of x and 48?
24
Let m be (0 - -2)/1 - -2. Suppose 2*b - 26 = y, 2*b + m*y - 76 = -2*b. Suppose o = -0*o + 5. What is the highest common factor of b and o?
5
Let i(v) = 28*v + 6. Let h be i(6). Let z be h/3 - (-1 + 4). Suppose 275 - z = 5*l. What is the greatest common divisor of 4 and l?
4
Suppose 0 = 3*m + 7 - 127. Calculate the highest common factor of m and 120.
40
Suppose 3*m + 3*s = -15, 0 = -m + 2*s - 7*s - 25. Let f = m - -5. Suppose -2*q + f*q - 33 = 0. Calculate the highest common factor of q and 77.
11
Suppose 0 = -0*h + 2*h - 32. Suppose 4*o + 0*o = 192. Suppose -o = l - 3*l. Calculate the highest c